 w(r)?
7
Suppose 4*g - 5760 = 2*u, -5*u + 1985 + 907 = 2*g. What is the thousands digit of g?
1
Let r(n) = -n**3 - 43*n**2 - 46*n - 38. What is the units digit of r(-44)?
2
Let x(l) = 5*l**2 + 5*l. Suppose -34*f = -32*f - 2. Let o be x(f). What is the units digit of (-2)/((-24)/(-30))*(-324)/o?
1
Let m(q) = 230*q**2 + 25*q + 294. What is the units digit of m(-9)?
9
Let m(h) be the first derivative of -838*h**2 + 82*h - 271. What is the thousands digit of m(-1)?
1
Let w(x) = 730 - 4*x + 11*x - 732. Let c be w(1). Suppose 86 + 59 = c*k. What is the units digit of k?
9
Suppose 70*l + 6 = 71*l. Suppose l*c = 15*c - 10080. What is the thousands digit of c?
1
Suppose 14*v - 3*j + 15856 = 18*v, 5*v = 3*j + 19820. What is the units digit of v?
4
Let a(w) = 5*w + 76. Let o be a(-15). What is the units digit of o/((-6)/3092*(-14)/21)?
3
Let x(w) = w**2 - 36*w + 64. What is the tens digit of x(-49)?
2
Let p be 1/(-1)*(0 - 4) - 7. What is the hundreds digit of (-1480)/(-2) + p + 10?
7
Suppose 3*a - 5*q = 0, -5*q - 21 - 4 = 2*a. What is the hundreds digit of 193*(a + 1)/(-4)?
1
Suppose -4*v + 2417*o - 2416*o + 231185 = 0, 5*o = -4*v + 231203. What is the units digit of v?
7
Suppose -4*g + 67 = 3*k, 4*k = -k + 2*g + 77. Suppose k*l - 23409 = -0*l. What is the hundreds digit of l?
3
Let o(k) = -k - 3. Let b be o(-7). Suppose b*g = -4*n + 12, n + 3*g + 12 = 5*g. What is the units digit of ((-12)/n - -1) + 3?
0
Suppose 17*o - 20*o - 3*j + 129180 = 0, 2*o + 3*j = 86117. What is the tens digit of o?
6
What is the ten thousands digit of (-39148)/2*(35 - 2175/58)?
4
Let d(i) = i**2 - 1. Let b(q) be the first derivative of q**2/2 + 3*q - 17. Let z(x) = -b(x) + 2*d(x). What is the hundreds digit of z(-9)?
1
Let c = 261 - 309. What is the units digit of (c/(-60))/((-6656)/3330 - -2)?
6
Let k(a) = -a**2 + 8*a - 11. Let i be k(7). Let f be (-30)/i + (42/(-12))/7. What is the units digit of (-5 - f)/3*22/(-4)?
2
Let t(g) = 6*g**2 + 66*g + 277. What is the thousands digit of t(21)?
4
Let h(t) = t**3 - 10*t**2 - 8*t - 31. Let w be h(11). Let x = w - -372. What is the hundreds digit of x?
3
What is the ten thousands digit of (21/14)/((-4)/((-32)/6)) - -43273?
4
Let b(u) = 10390*u**2 - 45*u - 80. What is the thousands digit of b(-2)?
1
Suppose -4*h + 51288 = 4*n, 22*h + 64110 = 27*h - 3*n. What is the tens digit of h?
2
Let b(k) = -k**3 + 12*k**2 + 6*k + 17. Let i be 1/(44/520) - 6/(-33). Let d be b(i). Let j = d + 102. What is the units digit of j?
1
What is the hundreds digit of (19481/44)/7*24?
5
Suppose 2*u - 27346 = -4*y, -4*u + 54674 = 1759*y - 1754*y. What is the thousands digit of u?
3
Let i(l) = -l**2 + 13*l + 20. Let q be i(14). Let n be -1*(-2 + q/(-2)). Suppose 5*r = t + 85, 0*r - 2*r = -n*t - 34. What is the tens digit of r?
1
Suppose 216*x = -3*m + 217*x + 7514, 0 = 2*m + 5*x - 4981. What is the hundreds digit of m?
5
Let m be ((28/(-8))/(-7))/((-3)/(-714)). Let q = 180 - m. What is the units digit of q?
1
What is the hundreds digit of ((-324)/126)/((-5)/(947450/15))?
4
Let p(z) = -2*z + 4229. What is the tens digit of p(-118)?
6
Suppose 31*o - 1413 = -328. Suppose 39*x - o*x - 1606 = -5*c, -x = 3*c - 958. What is the units digit of c?
8
Let o = 61119 + -42959. What is the hundreds digit of o?
1
Suppose 0*x + 5*x = 3*j + 5053, 3*j = 4*x - 4040. What is the thousands digit of -2*4/(-8)*x?
1
Let g(a) = a + 2. Let y be g(5). Suppose -2*f + 2*k + y = -3*k, 5*k + 5 = 0. What is the tens digit of 1/((-4)/(-516)*f)?
2
Let o(u) = 13*u**3 + 1. Let l be o(-1). Let n be 4/(-6) + ((-116)/l - -5). What is the tens digit of (n/35)/(2/470)?
9
Let g = -32 + 79. Suppose g = 5*p - 93. What is the units digit of (-3)/(-2)*p/7?
6
Let b be -10 - -3 - 1 - -3 - 1. What is the units digit of (524 + 6 - b) + -6?
0
Suppose 94*w - 320176 = 87026 - 19922. What is the units digit of w?
0
Let z be 8952/6*(1/(-4))/1. Let t = 620 + z. What is the units digit of t?
7
Suppose 179715 = 16*z + 2*z - 3*z. What is the thousands digit of z?
1
Let n = 171386 + -118033. What is the tens digit of n?
5
Suppose 0 = -4*y - 2425*j + 2430*j + 66690, 2*y + 4*j - 33306 = 0. What is the hundreds digit of y?
6
Suppose 4*w - 28*w = -48. Suppose j + 5*l = 1721, 3*j + w*l - 5263 = 7*l. What is the units digit of j?
6
Let a = 20828 + -20666. What is the hundreds digit of a?
1
Let u = 10628 - 1237. What is the tens digit of u?
9
Suppose 0 = -12*o + 16*o - 3*h - 128830, 161024 = 5*o + 3*h. What is the hundreds digit of o?
2
Suppose -3008*l - 9996 = -3014*l. What is the hundreds digit of l?
6
Let w = -949 - -4916. What is the thousands digit of w?
3
Suppose u + 5100*i - 36183 = 5102*i, -5*u - i = -180838. What is the units digit of u?
9
Suppose 2*q = 3*o - 8, 4*q - 2*o - o + 4 = 0. What is the tens digit of 1066/q + (-8 - -10 - -1)?
3
Let c(f) be the first derivative of 2*f**2 + 70*f - 16. What is the units digit of c(-17)?
2
Suppose -48869 = -12*m + 41166 + 59113. What is the tens digit of m?
2
What is the units digit of (-249220)/(-30) - 16/48?
7
Suppose 190 = 5*m + f, -5*m + 136 = -m + 4*f. Suppose -45 + m = -2*y. What is the units digit of (y/(-6))/(1/(-166))?
3
Let h(u) = 6*u**2 - 249*u + 124. Let d be h(43). Let j be ((-21)/(-2))/((-9)/(-240)). Let g = d - j. What is the hundreds digit of g?
2
Let c = 50 + -48. Suppose 0 = -c*b + 7*b - 40. Let x(a) = -a**3 + 7*a**2 + 10*a - 11. What is the units digit of x(b)?
5
What is the thousands digit of (2/((-4)/17427) - 150/60)/(-1)?
8
Let m = -148 + 145. What is the tens digit of (-9 + 12)*(m - -384)?
4
Let u = 347 + -353. What is the units digit of u + -7 + 5 - -768?
0
Suppose 4*o + 46293 = 5*c, 6009 + 12503 = 2*c + o. What is the units digit of c?
7
Let u(l) = 13*l - 2. Let n be u(6). What is the tens digit of 0 - (-255)/1 - n/38?
5
Suppose 9534 = -237*n + 236*n. What is the tens digit of n/(-15) - (16/(-10))/4?
3
Let b = 172 - -5989. What is the hundreds digit of b?
1
Suppose -352072 = -137*g + 117180 + 5453. What is the hundreds digit of g?
4
Suppose -311*c = -351*c + 29368 + 255192. What is the hundreds digit of c?
1
Let d = -1126 + 21. What is the hundreds digit of 4/((-10)/d + 0)?
4
Let s be (-18)/4*4/(-6). Let f = 841 + -837. Suppose 0 = -k + f*k - s. What is the units digit of k?
1
Suppose -5*h + 2180 = -x, 3*h + 24*x = 20*x + 1285. What is the hundreds digit of h?
4
Let h = 18363 - 669. What is the units digit of h?
4
Let x be -3 - (-2740 + 16/4) - 4. Suppose -w = 5*g - 385 - 512, -4*g - x = -3*w. What is the units digit of w?
7
Let n(d) = 1187*d - 5505. What is the tens digit of n(68)?
1
Let z(k) = -2*k**2 + 11*k - 6. Let w be z(-8). Let u = w + 400. Suppose -2*p + u = 16. What is the tens digit of p?
8
Let f(t) = -2*t**3 + 13*t**2 - 289*t - 203. What is the thousands digit of f(-21)?
0
Suppose 0 = -4*o + q + 140957 + 8845, -5*q + 112317 = 3*o. What is the thousands digit of o?
7
Suppose -2*w - 3303 = -d, -75*w + 13262 = 4*d - 73*w. What is the hundreds digit of d?
3
Let c be (-3)/(-3) - 4 - -598. Suppose 0 = 17*l - 12*l - c. Let q = l + -55. What is the units digit of q?
4
Let p(a) = 8*a**2 - 5*a + 5. Let w be p(2). Suppose 2*l - 2*j = 115 + w, -5*l = 2*j - 327. Let x = l - 37. What is the units digit of x?
0
Let k(p) = -p**2 + 25*p - 78. Let x be k(21). Let l(b) = 2*b**3 - 6*b**2 + 13*b - 26. What is the units digit of l(x)?
8
Let q(i) = 3*i**3 + i**2 - 5*i + 5. Let p be q(2). What is the units digit of (-2 + p)*(-8)/(-3)?
6
Let u(k) = 8*k + 266. Let i be u(-22). Let y = -1 - -1. Suppose y = 3*p + 2*p - i. What is the tens digit of p?
1
Let t = 238 - 158. Suppose -l - y + 271 = 0, 5*l - 528 = 4*y + 791. Suppose 3*z + 2*u = l + t, 0 = -2*z + 3*u + 227. What is the units digit of z?
5
Let m = 187 + -191. Let c(k) = -201*k - 53. What is the units digit of c(m)?
1
Suppose -5*q = -25, -4*f = -4*q - 5518 - 3974. What is the tens digit of f?
7
Let w(r) = 19*r**2 - r - 5. Let o be w(-3). Suppose 0 = 2*m - 8, -5*d + o + 437 = 4*m. Suppose -c + 42 = -d. What is the hundreds digit of c?
1
Suppose 3*v + 5*w + 199 = 0, 4*v = v - 3*w - 201. Suppose 74*f = 75*f - 141. Let l = f + v. What is the tens digit of l?
7
Let g = 58 - 0. Suppose 2*b - 5 = 2*a + 13, 0 = -2*b + a + 15. Suppose 0 = b*q - 5*q - g. What is the tens digit of q?
5
Suppose 3*w = -5*q + 141, 0*w - 266